{"id":2,"date":"2025-07-17T12:47:03","date_gmt":"2025-07-17T10:47:03","guid":{"rendered":"https:\/\/puzzleir.hu\/?page_id=2"},"modified":"2026-02-18T12:29:07","modified_gmt":"2026-02-18T11:29:07","slug":"rolunk","status":"publish","type":"page","link":"https:\/\/puzzleir.hu\/","title":{"rendered":""},"content":{"rendered":"\t\t<div data-elementor-type=\"wp-page\" data-elementor-id=\"2\" class=\"elementor elementor-2\" data-elementor-post-type=\"page\">\n\t\t\t\t<div class=\"elementor-element elementor-element-65cec6ad e-flex e-con-boxed e-con e-parent\" data-id=\"65cec6ad\" data-element_type=\"container\" data-e-type=\"container\">\n\t\t\t\t\t<div class=\"e-con-inner\">\n\t\t\t\t<div class=\"elementor-element elementor-element-4e67b00c elementor-widget elementor-widget-text-editor\" data-id=\"4e67b00c\" data-element_type=\"widget\" data-e-type=\"widget\" data-widget_type=\"text-editor.default\">\n\t\t\t\t\t\t\t\t\t<p><\/p>\n<p>A MaNiKal Trade Kft. 2009 okt\u00f3bere \u00f3ta van jelen a magyar piacon, az 1991-ben alap\u00edtott, \u00e9s az\u00f3ta is j\u00f3l prosper\u00e1l\u00f3, z\u00f3lyomi k\u00f6zponttal m\u0171k\u00f6d\u0151 anyac\u00e9g k\u00e9pviselet\u00e9ben, amely b\u00e1r tev\u00e9kenys\u00e9g\u00e9t csak kereskedelemmel kezdte, a t\u00f6bb \u00e9vtizedes szakmai m\u00falttal \u00e9s tapasztalattal rendelkez\u0151 h\u00e1rom alap\u00edt\u00f3 tag az \u00e9vek sor\u00e1n tov\u00e1bb fejlesztette azt, \u00e9s a ma m\u00e1r t\u00f6bb, mint t\u00edz telephelyen m\u0171k\u00f6d\u0151, mintegy 250 f\u0151t foglalkoztat\u00f3 v\u00e1llalat, a kereskedelmi tev\u00e9kenys\u00e9g mellett, saj\u00e1t termel\u0151\u00fczemekkel is rendelkezik. Gazdas\u00e1gi kapcsolataik Szlov\u00e1ki\u00e1n t\u00fal, kiterjednek t\u00f6bb eur\u00f3pai orsz\u00e1gra is.<\/p>\n<p><\/p>\n<p><\/p>\n<p>A c\u00e9g h\u00e1rom f\u0151 profilja a f\u0171szer- \u00e9s f\u0171szerkever\u00e9kek gy\u00e1rt\u00e1sa, b\u00e9lfeldolgoz\u00e1s, valamint h\u00fasipari rozsadamentes eszk\u00f6z\u00f6k gy\u00e1rt\u00e1sa.<\/p>\n<p><\/p>\n<p><\/p>\n<h4 class=\"wp-block-heading\">F\u0171szerfeldolgoz\u00e1s<\/h4>\n<p><\/p>\n<p><\/p>\n<p>A v\u00e1llalat az alapvet\u0151 f\u0171szereken t\u00fal, a kev\u00e9sb\u00e9 elterjedt f\u0171szerek feldolgoz\u00e1s\u00e1val is foglalkozik. Saj\u00e1t sz\u00e1r\u00edt\u00f3 \u00fczemmel, f\u0171szermalommal, csomagol\u00f3val \u00e9s rakt\u00e1rb\u00e1zissal rendelkezik. Mindezek a felt\u00e9telek biztos\u00edtj\u00e1k, hogy f\u0171szerei \u2013 melyeket a h\u00e1ztart\u00e1si csomagol\u00e1st\u00f3l kezdve, a gasztro kiszerel\u00e9sen kereszt\u00fcl a nagyfelhaszn\u00e1l\u00f3i mennyis\u00e9gig, t\u00f6bbf\u00e9le form\u00e1ban hoznak forgalomba \u2013 mindig frissen, \u00e9s \u00e1lland\u00f3, kiv\u00e1l\u00f3 min\u0151s\u00e9gben ker\u00fclnek a felhaszn\u00e1l\u00f3hoz.<\/p>\n<p><\/p>\n<p><\/p>\n<h4 class=\"wp-block-heading\">F\u0171szerkever\u00e9kek gy\u00e1rt\u00e1sa<\/h4>\n<p><\/p>\n<p><\/p>\n<p>A kft. szakemberi nagyon sok olyan f\u0171szerkever\u00e9ket dolgoztak ki, amelyek alapj\u00e1ban hat\u00e1rozz\u00e1k meg a ma m\u00e1r igen kedvelt felv\u00e1gottak, kolb\u00e1szok \u00e9s szal\u00e1mik \u00edzvil\u00e1g\u00e1t. Saj\u00e1t fejleszt\u00e9sein t\u00fal, azonban a megrendel\u0151 ig\u00e9nyeihez igazodva, b\u00e1rmilyen f\u0171szerkever\u00e9ket k\u00e9pesek el\u0151\u00e1ll\u00edtani, \u00e9s biztos\u00edtani annak folyamatos, \u00e1lland\u00f3 min\u0151s\u00e9g\u0171 ut\u00e1np\u00f3tl\u00e1s\u00e1t.<\/p>\n<p><\/p>\n<p><\/p>\n<h4 class=\"wp-block-heading\">Term\u00e9szetes belek feldolgoz\u00e1sa<\/h4>\n<p><\/p>\n<p><\/p>\n<p>A term\u00e9szetes belek min\u0151s\u00e9g\u00e9nek biztos\u00edt\u00e1sa \u00e9rdek\u00e9ben, a c\u00e9g szakemberei a belek \u00fatj\u00e1t v\u00e9gigk\u00eds\u00e9rik, az \u00e9l\u0151\u00e1llat lev\u00e1g\u00e1s\u00e1t\u00f3l eg\u00e9szen a csomagol\u00e1sig. K\u00edn\u00e1lat\u00e1ban megtal\u00e1lhat\u00f3 a sert\u00e9s-, marha- \u00e9s juhb\u00e9l mindenf\u00e9le m\u00e9retben, a kisfelhaszn\u00e1l\u00f3i 10 m-es csomagol\u00e1st\u00f3l, a nagyfelhaszn\u00e1l\u00f3i yardos kiszerel\u00e9sig. A belek feldolgoz\u00e1sa \u00e9s kalibr\u00e1l\u00e1sa a c\u00e9g saj\u00e1t b\u00e9lfeldogoz\u00f3 \u00fczem\u00e9ben, a szakemberek \u00e1lland\u00f3 fel\u00fcgyelete mellett t\u00f6rt\u00e9nik. Ennek k\u00f6sz\u00f6nhet\u0151en a forgalomba hozott belek min\u0151s\u00e9ge magasan fel\u00fclm\u00falja a forgalomban l\u00e9v\u0151 belek \u00e1tlagos min\u0151s\u00e9g\u00e9t.<\/p>\n<p><\/p>\n<p><\/p>\n<h4 class=\"wp-block-heading\">Mesters\u00e9ges belek feldolgoz\u00e1sa<\/h4>\n<p><\/p>\n<p><\/p>\n<p>A mesters\u00e9ges belek forgalmaz\u00e1sa mag\u00e1ban foglalja a belek m\u00e9retre v\u00e1g\u00e1s\u00e1t, klipszel\u00e9s\u00e9t, csom\u00f3z\u00e1s\u00e1t, raffol\u00e1s\u00e1t \u00e9s n\u00e9gy sz\u00edn\u0171 nyom\u00e1s\u00e1t is. A mesters\u00e9ges beleket (poliamid, kollag\u00e9n, cellol\u00f3z) mindenf\u00e9le m\u00e9retben, \u00e9s sz\u00ednben, az egyes, a h\u00fasfeldogoz\u00e1sban haszn\u00e1latos elj\u00e1r\u00e1sokhoz igazod\u00f3 alapanyagokb\u00f3l, \u00e9s a felhaszn\u00e1l\u00f3 ig\u00e9nyeinek megfelel\u0151 kiszerel\u00e9sben hozza forgalomba. Saj\u00e1t nyomdai kapacit\u00e1sa padig lehet\u0151v\u00e9 teszi a m\u0171belek fel\u00fclnyom\u00e1s\u00e1t is.<\/p>\n<p><\/p>\n<p><\/p>\n<h4 class=\"wp-block-heading\">Eszk\u00f6z\u00f6k, g\u00e9pek, berendez\u00e9sek gy\u00e1rt\u00e1sa \u00e9s forgalmaz\u00e1sa<\/h4>\n<p><\/p>\n<p><\/p>\n<p>Az el\u0151z\u0151ekhez k\u00e9pest, egy viszonylag m\u00e1s ter\u00fcletet jelent a h\u00fasiparban haszn\u00e1latos eszk\u00f6z\u00f6k, g\u00e9pek, berendez\u00e9sek gy\u00e1rt\u00e1sa \u00e9s forgalmaz\u00e1sa. A v\u00e1llalat saj\u00e1t \u00fczem\u00e9ben k\u00e9sz\u00fclnek a leggyakrabban haszn\u00e1latos rozsdamentes eszk\u00f6z\u00f6k, de k\u00edn\u00e1lat\u00e1ban \u2013 az \u00e9l\u0151 \u00e1llat lev\u00e1g\u00e1s\u00e1t\u00f3l kezdve, a feldolgoz\u00e1son \u00e9s csomagol\u00e1son, valamint a munkaruha \u00e9s munkav\u00e9delmi eszk\u00f6z\u00f6k\u00f6n kereszt\u00fcl, eg\u00e9szen a sz\u00e1ll\u00edt\u00e1sig \u2013 a v\u00e1s\u00e1rl\u00f3 megtal\u00e1lhat minden olyan term\u00e9ket, amelyre ebben az ipar\u00e1gban sz\u00fcks\u00e9ge lehet.<\/p>\n<p><\/p>\n<p><\/p>\n<p>C\u00e9g\u00fcnk kiemelt figyelmet ford\u00edt a f\u00fcst\u00f6l\u0151-\u00e9rlel\u0151kamr\u00e1k \u00e9s szekr\u00e9nyek forgalmaz\u00e1s\u00e1nak. Az \u00e1ltalunk forgalmazott, felhaszn\u00e1l\u00f3bar\u00e1t berendez\u00e9sek a kor kih\u00edv\u00e1sainak megfelelve \u00e9s a kor technikai v\u00edvm\u00e1nyait felhaszn\u00e1lva a legmagasabb m\u0171szaki sz\u00ednvonalon k\u00e9sz\u00fclnek, a f\u00fcst\u00f6l\u00e9sen t\u00fal sz\u00e1mtalan plusz szolg\u00e1ltat\u00e1st ny\u00fajtva a h\u00fasfeldolgoz\u00f3knak.<\/p>\n<p><\/p>\n<p><\/p>\n<p>A MaNikal Trade Kft. c\u00e9lja, hogy a v\u00e1s\u00e1rl\u00f3k hossz\u00fat\u00e1von is el\u00e9gedettek legyenek term\u00e9keikkel \u00e9s szolg\u00e1ltat\u00e1saikkal. Ez\u00e9rt tev\u00e9kenys\u00e9g\u00fcnk legf\u0151bb jellemz\u0151je a<\/p>\n<p><\/p>\n<p><\/p>\n<h4 class=\"wp-block-heading\"><strong>Megb\u00edzhat\u00f3s\u00e1g<\/strong><strong>,&nbsp;<\/strong><strong>rugalmass\u00e1g<\/strong><strong>&nbsp;,&nbsp;<\/strong><strong>kiv\u00e1l\u00f3 min\u0151s\u00e9g<\/strong><strong>.<\/strong><\/h4>\n<p><\/p>\t\t\t\t\t\t\t\t<\/div>\n\t\t\t\t\t<\/div>\n\t\t\t\t<\/div>\n\t\t<div class=\"elementor-element elementor-element-b8ec017 e-flex e-con-boxed e-con e-parent\" data-id=\"b8ec017\" data-element_type=\"container\" data-e-type=\"container\">\n\t\t\t\t\t<div class=\"e-con-inner\">\n\t\t\t\t<div class=\"elementor-element elementor-element-03311e8 elementor-widget elementor-widget-google_maps\" data-id=\"03311e8\" data-element_type=\"widget\" data-e-type=\"widget\" data-widget_type=\"google_maps.default\">\n\t\t\t\t\t\t\t<div class=\"elementor-custom-embed\">\n\t\t\t<iframe loading=\"lazy\"\n\t\t\t\t\tsrc=\"https:\/\/maps.google.com\/maps?q=Manikal%20Trade%20Kft.&#038;t=m&#038;z=14&#038;output=embed&#038;iwloc=near\"\n\t\t\t\t\ttitle=\"Manikal Trade Kft.\"\n\t\t\t\t\taria-label=\"Manikal Trade Kft.\"\n\t\t\t><\/iframe>\n\t\t<\/div>\n\t\t\t\t\t\t<\/div>\n\t\t\t\t\t<\/div>\n\t\t\t\t<\/div>\n\t\t\t\t<\/div>\n\t\t","protected":false},"excerpt":{"rendered":"<p>A MaNiKal Trade Kft. 2009 okt\u00f3bere \u00f3ta van jelen a magyar piacon, az 1991-ben alap\u00edtott, \u00e9s az\u00f3ta is j\u00f3l prosper\u00e1l\u00f3, z\u00f3lyomi k\u00f6zponttal m\u0171k\u00f6d\u0151 anyac\u00e9g k\u00e9pviselet\u00e9ben, amely b\u00e1r tev\u00e9kenys\u00e9g\u00e9t csak kereskedelemmel kezdte, a t\u00f6bb \u00e9vtizedes szakmai m\u00falttal \u00e9s tapasztalattal rendelkez\u0151 h\u00e1rom alap\u00edt\u00f3 tag az \u00e9vek sor\u00e1n tov\u00e1bb fejlesztette azt, \u00e9s a ma m\u00e1r t\u00f6bb, mint t\u00edz [&hellip;]<\/p>\n","protected":false},"author":1,"featured_media":128,"parent":0,"menu_order":0,"comment_status":"closed","ping_status":"open","template":"","meta":{"inline_featured_image":false,"footnotes":""},"class_list":["post-2","page","type-page","status-publish","has-post-thumbnail","hentry"],"_links":{"self":[{"href":"https:\/\/puzzleir.hu\/index.php?rest_route=\/wp\/v2\/pages\/2","targetHints":{"allow":["GET"]}}],"collection":[{"href":"https:\/\/puzzleir.hu\/index.php?rest_route=\/wp\/v2\/pages"}],"about":[{"href":"https:\/\/puzzleir.hu\/index.php?rest_route=\/wp\/v2\/types\/page"}],"author":[{"embeddable":true,"href":"https:\/\/puzzleir.hu\/index.php?rest_route=\/wp\/v2\/users\/1"}],"replies":[{"embeddable":true,"href":"https:\/\/puzzleir.hu\/index.php?rest_route=%2Fwp%2Fv2%2Fcomments&post=2"}],"version-history":[{"count":17,"href":"https:\/\/puzzleir.hu\/index.php?rest_route=\/wp\/v2\/pages\/2\/revisions"}],"predecessor-version":[{"id":211,"href":"https:\/\/puzzleir.hu\/index.php?rest_route=\/wp\/v2\/pages\/2\/revisions\/211"}],"wp:featuredmedia":[{"embeddable":true,"href":"https:\/\/puzzleir.hu\/index.php?rest_route=\/wp\/v2\/media\/128"}],"wp:attachment":[{"href":"https:\/\/puzzleir.hu\/index.php?rest_route=%2Fwp%2Fv2%2Fmedia&parent=2"}],"curies":[{"name":"wp","href":"https:\/\/api.w.org\/{rel}","templated":true}]}}

<div data-elementor-type="wp-page" data-elementor-id="2" class="elementor elementor-2" data-elementor-post-type="page">
				<div class="elementor-element elementor-element-65cec6ad e-flex e-con-boxed e-con e-parent" data-id="65cec6ad" data-element_type="container" data-e-type="container">
					<div class="e-con-inner">
				<div class="elementor-element elementor-element-4e67b00c elementor-widget elementor-widget-text-editor" data-id="4e67b00c" data-element_type="widget" data-e-type="widget" data-widget_type="text-editor.default">
									<p></p>
<p>A MaNiKal Trade Kft. 2009 októbere óta van jelen a magyar piacon, az 1991-ben alapított, és azóta is jól prosperáló, zólyomi központtal működő anyacég képviseletében, amely bár tevékenységét csak kereskedelemmel kezdte, a több évtizedes szakmai múlttal és tapasztalattal rendelkező három alapító tag az évek során tovább fejlesztette azt, és a ma már több, mint tíz telephelyen működő, mintegy 250 főt foglalkoztató vállalat, a kereskedelmi tevékenység mellett, saját termelőüzemekkel is rendelkezik. Gazdasági kapcsolataik Szlovákián túl, kiterjednek több európai országra is.</p>
<p></p>
<p></p>
<p>A cég három fő profilja a fűszer- és fűszerkeverékek gyártása, bélfeldolgozás, valamint húsipari rozsadamentes eszközök gyártása.</p>
<p></p>
<p></p>
<h4 class="wp-block-heading">Fűszerfeldolgozás</h4>
<p></p>
<p></p>
<p>A vállalat az alapvető fűszereken túl, a kevésbé elterjedt fűszerek feldolgozásával is foglalkozik. Saját szárító üzemmel, fűszermalommal, csomagolóval és raktárbázissal rendelkezik. Mindezek a feltételek biztosítják, hogy fűszerei – melyeket a háztartási csomagolástól kezdve, a gasztro kiszerelésen keresztül a nagyfelhasználói mennyiségig, többféle formában hoznak forgalomba – mindig frissen, és állandó, kiváló minőségben kerülnek a felhasználóhoz.</p>
<p></p>
<p></p>
<h4 class="wp-block-heading">Fűszerkeverékek gyártása</h4>
<p></p>
<p></p>
<p>A kft. szakemberi nagyon sok olyan fűszerkeveréket dolgoztak ki, amelyek alapjában határozzák meg a ma már igen kedvelt felvágottak, kolbászok és szalámik ízvilágát. Saját fejlesztésein túl, azonban a megrendelő igényeihez igazodva, bármilyen fűszerkeveréket képesek előállítani, és biztosítani annak folyamatos, állandó minőségű utánpótlását.</p>
<p></p>
<p></p>
<h4 class="wp-block-heading">Természetes belek feldolgozása</h4>
<p></p>
<p></p>
<p>A természetes belek minőségének biztosítása érdekében, a cég szakemberei a belek útját végigkísérik, az élőállat levágásától egészen a csomagolásig. Kínálatában megtalálható a sertés-, marha- és juhbél mindenféle méretben, a kisfelhasználói 10 m-es csomagolástól, a nagyfelhasználói yardos kiszerelésig. A belek feldolgozása és kalibrálása a cég saját bélfeldogozó üzemében, a szakemberek állandó felügyelete mellett történik. Ennek köszönhetően a forgalomba hozott belek minősége magasan felülmúlja a forgalomban lévő belek átlagos minőségét.</p>
<p></p>
<p></p>
<h4 class="wp-block-heading">Mesterséges belek feldolgozása</h4>
<p></p>
<p></p>
<p>A mesterséges belek forgalmazása magában foglalja a belek méretre vágását, klipszelését, csomózását, raffolását és négy színű nyomását is. A mesterséges beleket (poliamid, kollagén, cellolóz) mindenféle méretben, és színben, az egyes, a húsfeldogozásban használatos eljárásokhoz igazodó alapanyagokból, és a felhasználó igényeinek megfelelő kiszerelésben hozza forgalomba. Saját nyomdai kapacitása padig lehetővé teszi a műbelek felülnyomását is.</p>
<p></p>
<p></p>
<h4 class="wp-block-heading">Eszközök, gépek, berendezések gyártása és forgalmazása</h4>
<p></p>
<p></p>
<p>Az előzőekhez képest, egy viszonylag más területet jelent a húsiparban használatos eszközök, gépek, berendezések gyártása és forgalmazása. A vállalat saját üzemében készülnek a leggyakrabban használatos rozsdamentes eszközök, de kínálatában – az élő állat levágásától kezdve, a feldolgozáson és csomagoláson, valamint a munkaruha és munkavédelmi eszközökön keresztül, egészen a szállításig – a vásárló megtalálhat minden olyan terméket, amelyre ebben az iparágban szüksége lehet.</p>
<p></p>
<p></p>
<p>Cégünk kiemelt figyelmet fordít a füstölő-érlelőkamrák és szekrények forgalmazásának. Az általunk forgalmazott, felhasználóbarát berendezések a kor kihívásainak megfelelve és a kor technikai vívmányait felhasználva a legmagasabb műszaki színvonalon készülnek, a füstölésen túl számtalan plusz szolgáltatást nyújtva a húsfeldolgozóknak.</p>
<p></p>
<p></p>
<p>A MaNikal Trade Kft. célja, hogy a vásárlók hosszútávon is elégedettek legyenek termékeikkel és szolgáltatásaikkal. Ezért tevékenységünk legfőbb jellemzője a</p>
<p></p>
<p></p>
<h4 class="wp-block-heading"><strong>Megbízhatóság</strong><strong>,&nbsp;</strong><strong>rugalmasság</strong><strong>&nbsp;,&nbsp;</strong><strong>kiváló minőség</strong><strong>.</strong></h4>
<p></p>								</div>
					</div>
				</div>
		<div class="elementor-element elementor-element-b8ec017 e-flex e-con-boxed e-con e-parent" data-id="b8ec017" data-element_type="container" data-e-type="container">
					<div class="e-con-inner">
				<div class="elementor-element elementor-element-03311e8 elementor-widget elementor-widget-google_maps" data-id="03311e8" data-element_type="widget" data-e-type="widget" data-widget_type="google_maps.default">
							<div class="elementor-custom-embed">
			<iframe loading="lazy"
					src="https://maps.google.com/maps?q=Manikal%20Trade%20Kft.&#038;t=m&#038;z=14&#038;output=embed&#038;iwloc=near"
					title="Manikal Trade Kft."
					aria-label="Manikal Trade Kft."
			></iframe>
		</div>
						</div>
					</div>
				</div>
				</div>

<p>A MaNiKal Trade Kft. 2009 októbere óta van jelen a magyar piacon, az 1991-ben alapított, és azóta is jól prosperáló, zólyomi központtal működő anyacég képviseletében, amely bár tevékenységét csak kereskedelemmel kezdte, a több évtizedes szakmai múlttal és tapasztalattal rendelkező három alapító tag az évek során tovább fejlesztette azt, és a ma már több, mint tíz [&hellip;]</p>
